, 3*q = -3*s + 296 - 119. What is the highest common divisor of q and z?
11
Suppose 3 = -k + 5. Let q be -2 + 1 - (-5 - k). Calculate the greatest common factor of 24 and q.
6
Suppose 2*t + 29 = 71. What is the highest common factor of 3 and t?
3
Let h = 25 - 19. What is the highest common divisor of h and 18?
6
Suppose 0 = -5*f + 3*x + 761, f - 3*x - 236 + 91 = 0. What is the greatest common divisor of 14 and f?
14
Suppose 4*n = -0*n - 3*j + 321, 4*n - 309 = j. Let k be n/8 + (-1)/(-4). Suppose -8 = 6*c - 8*c. What is the highest common divisor of c and k?
2
Let y(o) = 2*o**2 + 9*o + 3. Let u be y(-9). What is the greatest common factor of u and 12?
12
Suppose 16*l = -7*l + 828. Let x(p) = -p**3 - 6*p**2 - p - 2. Let o be x(-6). What is the greatest common factor of l and o?
4
Let p = -89 + 161. What is the greatest common factor of p and 8?
8
Let b be (2 - 1*-33)*16/20. Calculate the greatest common factor of 14 and b.
14
Suppose -3*w - 6 = 0, -3*m - 5*w = -m + 6. Let g(t) = 2*t + 32*t**m - 5*t + 2*t. Let h be g(-1). What is the highest common factor of h and 22?
11
Suppose 5*w + 3*s - 210 = 0, 0*w = -2*w - s + 85. Let g = -17 - -28. Let h = 20 - g. What is the greatest common divisor of w and h?
9
Suppose -5*o + 2760 = 8*n - 6*n, 3*o - n = 1645. What is the greatest common divisor of 55 and o?
55
Let c(y) be the second derivative of y**3/3 - y**2/2 + y. Let k be c(3). Suppose -k*q + 28 = 3. What is the greatest common factor of 55 and q?
5
Let h(f) = 22*f**2 + 2*f - 2. Let d be h(1). Let s(x) = 2*x**3 - 4*x**2 + 2*x - 4*x**3 + 3*x. Let v be s(-4). Calculate the greatest common divisor of d and v.
22
Let x = 50 - 28. Suppose -c + o - 4 + 1 = 0, 3*c + 5*o - 31 = 0. What is the highest common factor of x and c?
2
Suppose -700 = -2*v - v - 2*j, 5*v - 1168 = -2*j. Calculate the greatest common factor of v and 26.
26
Let z be (-48 - 0)*54/(-8). Suppose 3*x = 7*x - z. Suppose 5 = -5*n + 50. What is the greatest common divisor of x and n?
9
Let j be ((-1)/2)/(2/(-20)). Let f = -2 + 7. Calculate the highest common factor of f and j.
5
Let d be (-536)/6*9/2. Let a = d - -217. Let x = 311 + a. What is the greatest common factor of x and 18?
18
Suppose l = -3*l + 32. Suppose -29 - 19 = -2*p. Calculate the greatest common divisor of p and l.
8
Let i be 8/4 + -3 - -185. What is the greatest common factor of i and 23?
23
Let q = 20 + -9. What is the greatest common factor of 33 and q?
11
Suppose -y + 0*y = -20. What is the highest common factor of y and 70?
10
Let z(m) = 2*m**2 + 8*m + 6. Let r(v) = 6*v**2 + 23*v + 17. Let x(c) = 6*r(c) - 17*z(c). Let a be x(-3). Calculate the highest common factor of 3 and a.
3
Let u be ((-438)/(-10))/3 - (-9)/(-15). Calculate the greatest common factor of u and 98.
14
Let h = 48 - 21. Let w = -14 + h. Calculate the highest common factor of w and 13.
13
Suppose r + 2*r = 957. What is the greatest common factor of 29 and r?
29
Let u be (-5)/(0 - (-1)/(-2)). What is the highest common factor of 2 and u?
2
Let b be (-4)/(-26) + (1030/65 - -2). What is the greatest common divisor of b and 162?
18
Suppose 0 = 3*g - 24 - 9. Suppose 1 = t - 2. Suppose 8 = -t*x + 272. What is the greatest common divisor of x and g?
11
Suppose -5*a + 80 = -3*a. What is the highest common divisor of 360 and a?
40
Let j = 12 - 10. Let s be ((-78)/8)/(j/(-8)). Let a = 71 - s. What is the highest common divisor of a and 80?
16
Suppose -3*t + 12 = 0, -3*p - 5*t + 0*t - 100 = 0. Let r = -18 - p. What is the highest common divisor of r and 55?
11
Let w be 4*(1 + (-11)/(-4)). What is the highest common factor of w and 5?
5
Let h = -4 + 7. Let a = 0 + h. Suppose k - 836 = -a*k. Calculate the greatest common divisor of 19 and k.
19
Let i = 98 + -54. Calculate the greatest common factor of 4 and i.
4
Suppose w - 31 = -2*n, 0 = -4*w + 5*n + 35 + 50. Let u = w - 15. Let t(i) = 5*i - 14. Let h be t(u). What is the highest common divisor of 4 and h?
4
Suppose 2*p - 5*t + 3*t - 44 = 0, 5*p = -2*t + 131. Suppose -4 + 1 = 3*f, -3*a - 5*f + p = 0. Calculate the highest common divisor of 80 and a.
10
Let b(l) = -4 + 2*l**3 - 3*l**3 + 4*l - 3*l**2 - 7*l + 1. Let x be b(-3). What is the highest common divisor of 12 and x?
6
Let x = 69 + -186. Let k = x + 335. Suppose -5*w = -1073 + k. What is the greatest common factor of w and 19?
19
Let k be 610/25 - 6/(-10). Let x(u) = 4*u**2 + 7*u + 6. Let z be x(-4). Let d = z - k. What is the highest common divisor of 17 and d?
17
Suppose 2*o + 3 = 11. Suppose -o*y + 1 = 4*i - 91, 39 = 2*i - 5*y. Calculate the greatest common factor of 11 and i.
11
Let s be 6/27 + 176/18. What is the greatest common divisor of 40 and s?
10
Suppose -4*s + 3*q + 196 = 0, 5*s - 245 = -0*q - q. Calculate the highest common factor of s and 7.
7
Let c be 4/(((-4)/80)/(-1)). Calculate the highest common factor of c and 10.
10
Let q = -1 + 4. Let o be 10/75 - (-264)/45. What is the highest common factor of q and o?
3
Let d(r) = 15*r - 6. Let u be d(7). What is the greatest common divisor of u and 9?
9
Suppose -2*s + 8 = -c + 3*c, c - 2*s = -5. Let b(g) = 8*g**2 + g - 1. Let m be b(c). What is the highest common factor of 1 and m?
1
Let o(n) = 5*n**3 + 2*n**2 + 2*n + 3. Let s be o(3). Let f be (-13 - -1)/(4/(-6)). Calculate the greatest common divisor of s and f.
18
Let q = 2 + 5. Suppose w + q = 12. What is the highest common divisor of 5 and w?
5
Let j be ((-6)/4)/(2/(-4)). Let p = 6 - j. Suppose p*r = 4*r - 40. What is the highest common factor of r and 16?
8
Suppose 0 = 5*v + 6*v - 1364. What is the highest common factor of 93 and v?
31
Suppose 3*x = 8*x. Suppose -9 = 5*r - 29. Suppose -r*b - 25 + 121 = x. What is the greatest common divisor of 8 and b?
8
Let a = 261 + -186. Let o = -9 + 13. Suppose u + 0 = -p + 17, -4*p - 52 = -o*u. What is the highest common divisor of a and u?
15
Suppose -2*q - 2 + 74 = 0. Let t be (2 + 0)/(8/q). Let n(a) = -2*a**3 + 4*a + 3. Let k be n(-3). What is the highest common factor of t and k?
9
Let q(j) = -3 + 0*j + 5*j + 4. Let d be q(2). Suppose 3*o = 2*o + 121. What is the highest common factor of d and o?
11
Suppose -94 = -q - 30. Let a be 2 - (-24)/3 - 2. What is the greatest common factor of a and q?
8
Suppose -4*k = k - 40. Let r be (1 + 0)/(4/160). What is the greatest common divisor of k and r?
8
Let z be (-4)/2 + 5 + -3. Let l be 10 + (z/4 - -2). Calculate the highest common factor of l and 60.
12
Let t be (-8)/(-3)*81/18. Calculate the greatest common divisor of 192 and t.
12
Let a(y) = -2*y + 2. Let w be a(-2). Let v = -104 + 140. What is the highest common factor of v and w?
6
Let i(t) = -t + 3. Let b be (-6)/(-2) - (-5 + 4). Let q be i(b). Let j be -8*5/(-2) + q. Calculate the highest common divisor of 95 and j.
19
Let y(q) = 3*q + 6. Let d be y(2). What is the greatest common divisor of d and 132?
12
Let z be (8/28)/(2/14). Suppose 87 = -z*b + 497. Suppose 103 = 2*r - b. Calculate the greatest common divisor of 14 and r.
14
Let c = -85 + 87. What is the highest common factor of c and 6?
2
Let p = 66 + -63. What is the highest common factor of 1 and p?
1
Let b be ((-2)/(-4))/((-2)/(-100)). Let o be -1 + 2 + -7 + 11. Calculate the greatest common factor of o and b.
5
Suppose -2*s - 4*k + 9 = -1, 4*k = 0. Suppose 20 = -s*l, -i + 127 = 5*l + 21. Calculate the greatest common factor of i and 14.
14
Let s(r) be the first derivative of r**3/3 - r**2 + 4*r - 3. Let f be s(4). Calculate the greatest common divisor of 36 and f.
12
Let b be (-26)/3*((-4)/(-8) + -2). Suppose 0 = -t - 3*v + 9, t - 2*v = v - 3. Suppose -t*w = w - 52. Calculate the greatest common factor of w and b.
13
Suppose d - 4*v - 13 = 10, -5*v = -2*d + 31. Suppose -5*p + m = -18, -34 = -4*p + 4*m - 10. Calculate the greatest common divisor of p and d.
3
Let a(s) = -s**3 + 6*s**2 + 7*s + 2. Let u be a(7). Suppose 0 = -4*j + 10 + u. Suppose 0*y + 5 = 5*y. Calculate the greatest common factor of j and y.
1
Let k be 3 + 5/(10/2178). Let t be (-4)/10 + k/30. Calculate the highest common factor of 24 and t.
12
Suppose 0 = -10*g + 77 + 163. Calculate the greatest common divisor of 72 and g.
24
Suppose 3*d = -4*a + 2*a + 205, -d + 435 = 4*a. Let m = -100 - -144. Calculate the greatest common factor of m and a.
22
Let h = 3 + -1. Suppose 18 = p + h*p